= p**2 - 2*p - 19. Let v(r) = -2*r**2 + 3*r + 37. Let d(g) = 3*v(g) + 5*y(g). Give d(0).
16
Let s(i) be the first derivative of -i**2 + i - 10. Calculate s(-1).
3
Let k(o) = -4 + 0 - 3*o**2 + 1 + 3*o. Let v be ((-6)/2 - -1)*3. Let b = v + 8. What is k(b)?
-9
Let y(p) = -5*p + 5. Let f(i) = -i**2 - 7*i - 8. Let w be f(-4). What is y(w)?
-15
Let b(v) = v**2 - 1. Suppose -4*p + 9 + 15 = -2*g, -16 = -4*p. What is b(g)?
15
Let l be 7*1 + (2 - 4). Let j(v) = 3*v - 5. Give j(l).
10
Let j(z) be the second derivative of -z**3/6 - z**2 + z. Let m = -18 - -23. Suppose -m*f - 20 = -5*k - 4*f, -5*k + 35 = -4*f. What is j(k)?
-5
Let r be 5 + (-1)/(-2)*-2. Let w(d) = 0*d + r*d - 1 - 3*d. Let n(i) = 2*i**3 + 2*i**2 - 3*i + 5. Let z(l) = n(l) + 3*w(l). Determine z(-2).
-6
Let n(k) = -5*k - 11. Let r(z) = -z - 3. Let t(o) = 2*n(o) - 9*r(o). Calculate t(3).
2
Suppose 0 = 4*j - 3 - 5. Suppose -2*x + 20 = j*x. Let v(w) = -5*w**3 + 25*w**2 - 19*w**2 - 5*w + 4*w**3. Give v(x).
0
Let o(n) = 7*n**2 + 2 + 6 - n + 7*n + n**3. Give o(-6).
8
Let m(b) = -9*b + 8. Let i(l) = 26*l - 23. Let n(c) = 6*i(c) + 17*m(c). Let k = 17 - 19. Give n(k).
-8
Let q(x) = x - 9. Let i be 2*(-3 - 22/(-4)). What is q(i)?
-4
Let x(k) = -25*k - k**2 - 15*k + 36*k - 2. Calculate x(-5).
-7
Suppose d - 6*d = h - 12, d - 18 = 5*h. Let o(l) = -1 + 2*l - d*l - 2*l - 2. Calculate o(-2).
3
Let l(j) = -2*j - 2. Let d = -38 + 43. Give l(d).
-12
Let a(r) = r**2 - 9*r - 1. Let d(u) = u**2 - u - 1. Let g(x) = 8*x - 1. Let s(q) = -2*d(q) + g(q). Let w(c) = -3*a(c) - 2*s(c). Give w(-5).
-9
Let o = 0 - -1. Let c be (1/2)/(o/(-12)). Let h(m) be the third derivative of m**5/60 + m**4/3 + m**3 - 2*m**2. Calculate h(c).
-6
Suppose 2*o - 3 = o, 0 = -3*y - 2*o + 21. Let h(b) = -3 - y + 1 + 2 + 2*b. Give h(4).
3
Let w(y) = 4*y + 2 + 6 - y**3 - 5*y**2 - y**2 - 3*y. What is w(-6)?
2
Let r(j) be the third derivative of -j**6/360 - j**5/24 + j**4/8 - j**3/3 + j**2. Let q(a) be the first derivative of r(a). What is q(-4)?
7
Let f(h) = -3*h. Let l(w) = -w**2 - 3*w + 2. Suppose 6*a = 3*a - 3. Let x be -1 + (a - -1) + -3. Let y be l(x). What is f(y)?
6
Suppose -5 - 7 = -4*b. Let v(p) = -b - p**2 - 9*p + 0*p**2 + 3*p + 10. What is v(-7)?
0
Suppose 2*t + 6 = -3*v + 17, -5*v = -4*t + 11. Suppose 3 = -t*b + 11. Suppose -4*q - 1 = 3*c, 5*q = -2*c - b*c. Let l(z) = z**3 - 6*z**2 + 6*z. Calculate l(c).
5
Suppose 6*h - 4*h + 3*c = 13, -19 = -2*h + 3*c. Let k(x) = -x**2 + 8*x - 11. Calculate k(h).
-11
Suppose 6*n - n = -20. Let z(x) = x - 1. What is z(n)?
-5
Let m(u) = -u**3 - 6*u**2 - 5*u - 7. Suppose -t + 2*s - 18 = 3*s, 3*s - 58 = 5*t. Let h(l) = -l**3 - 14*l**2 - 5. Let j be h(t). What is m(j)?
-7
Suppose 0 = -4*b + 5*b - 6. Let w(l) = b - 2 + 5*l - 2. Give w(-2).
-8
Let i(w) be the second derivative of -w**4/12 + w**3 + w**2/2 - 5*w. Determine i(6).
1
Let w = 6 + -2. Let l(i) = 0*i**3 + 2 + i**3 + 0*i**3 + 0 - i**2 - w*i. What is l(3)?
8
Let d(t) = t**2 + 3*t - 3. Let h be d(-3). Let i(v) = v**3 + 3*v**2 - 2. What is i(h)?
-2
Let c be (-30)/(-8) - (-3)/12. Suppose c*z - 2*z + 6 = 0. Let k(r) be the third derivative of -r**6/120 - r**5/30 + r**4/24 + r**2. Give k(z).
6
Suppose 0 = u - 1 - 1. Let t be 3/u - (-1)/(-2). Let s(l) = -t + 0 + 7 + l. Determine s(-5).
1
Let j = 36/37 + -4283/4440. Let g(x) be the third derivative of -j*x**6 - 1/3*x**3 + 1/10*x**5 + 2*x**2 - 1/6*x**4 + 0 + 0*x. Calculate g(5).
3
Let c(k) = k**3 + 7*k**2 + 5*k - 5. Let z(d) be the first derivative of -d**4/4 + 8*d**3/3 - 7*d**2/2 - 6*d - 6. Let i be z(7). Determine c(i).
1
Let n be 0/1 + (-1 - -20). Suppose a + n = -4*d, -a = 3*d - 7*d - 21. Let t(y) = -3*y. Determine t(a).
-3
Let g(k) = -k. Let n be g(-2). Let p(h) = h**n - 1 + 5*h - 5*h. Suppose -16 = -5*j - 26. Determine p(j).
3
Let b(w) be the second derivative of -w**5/20 - w**4/3 + 2*w**3/3 + 5*w**2/2 + 39*w. Determine b(-5).
10
Let d(y) = y**2 - y. Suppose 36 = 2*n - 3*i, 2*n + 3*n - 4*i = 83. Suppose 3*v + 6 = n. What is d(v)?
6
Suppose -10 = -3*k - 2*k. Suppose -w + k*m = -6, -w - 3*m = 2*w. Let r(b) = b - 1. Calculate r(w).
1
Let r(i) = 0 + 0 + 5*i. Let f be r(1). Let q(w) = -w**2 - 2*w + w + w**2 - f*w**2. Calculate q(1).
-6
Let n(l) = -6 - 7*l - 8*l**2 + 5 - l**3 + 2. Give n(-7).
1
Suppose -8 = 7*h + h. Let j(x) = -19*x**3 + 2*x + 1. What is j(h)?
18
Let s(o) = -o + 2. Let n = 17 + -20. Determine s(n).
5
Let u(x) = -x**2 + 2*x - 1. Let z = 21 + -17. Suppose 0 = z*h + b - 0*b + 12, 4 = -b. Determine u(h).
-9
Let f(r) = -r**2 - 2*r - 3. Let q be f(-6). Let j be (-4)/(-18) + (-156)/q. Let k(l) = -l**3 + 7*l**2 - 6*l + 3. Calculate k(j).
3
Let t = -1 + 2. Let v(g) = -11*g**3 - 4*g**2 + 3*g - 2. Let w(y) = 33*y**3 + 11*y**2 - 8*y + 5. Let j(s) = -8*v(s) - 3*w(s). Calculate j(t).
-11
Let l = -56 - -53. Let i(d) = -1. Let c(o) = 13*o + 28. Let g(p) = 3*p + 7. Let x(t) = -2*c(t) + 9*g(t). Let j(y) = l*i(y) - x(y). What is j(-4)?
0
Let a(u) be the second derivative of -u**3/6 - 7*u**2 - 24*u - 1. Let g be -8 + 1 + 1 + 0. What is a(g)?
-8
Let g(o) = -o + 1. Let t(l) = -l**2 + 8*l + 1. Let n(h) = 2*g(h) + t(h). Determine n(7).
-4
Suppose 8 = -0*r - 2*r. Let y(z) = -5*z + 6. Let t(n) = 6*n - 7. Let a(o) = r*y(o) - 3*t(o). Let u(x) = -9*x + 16. Let g(s) = 11*a(s) + 2*u(s). Determine g(2).
7
Let m be (-2)/(-4) - 25/10. Let t = 10 + -14. Let i(f) = f**2 + 4*f + 4. Let b(c) = -3*c**2 - 11*c - 11. Let d(s) = t*b(s) - 11*i(s). Determine d(m).
4
Let r(p) = 2 - p**3 + 2*p**2 - 4 + 3*p - 6*p**2 - 5. Let v be r(-5). Let w be (-4)/v*12/8. Let u(y) = 2*y**3 + 3*y**2 + y. What is u(w)?
-6
Let j(x) = -x**2 + 6*x - 4. Let u(z) = -z + 1. Let y(c) = -c - 4. Let n be y(-5). Let d(t) = n*j(t) + 6*u(t). Suppose 4 = -f - f. Give d(f).
-2
Let z(u) be the second derivative of u**4/12 + u**3/6 - 2*u**2 + 48*u. Calculate z(0).
-4
Let x = -24 - -30. Let t(m) = m - 8. Give t(x).
-2
Suppose -11*z = -12*z - 1. Let x(y) = 16*y**3 + y**2 + y + 1. Give x(z).
-15
Let i(q) = -2*q + 4. Let h(j) = -2 - 5 + 5 + 0 - j. Let v(u) = 1. Let l(z) = -h(z) - 2*v(z). Let a be l(5). What is i(a)?
-6
Let j(f) be the third derivative of -f**7/2520 - f**6/720 + f**5/20 - f**2. Let o(u) be the third derivative of j(u). Give o(-3).
5
Let g(o) = 2*o + 9. Suppose -5*q - 3*y - 5 - 8 = 0, -9 = q - y. Determine g(q).
-1
Let f(w) be the first derivative of w**2/2 - 4*w - 4. Determine f(3).
-1
Let c = -3 + 5. Let k(r) be the third derivative of -r**5/60 - 3*r**2. What is k(c)?
-4
Suppose -h - 3*j = -11, -4*h + 4*j = -8 - 20. Suppose -4*d - h = -u, u + 4*d + 10 = 2*d. Let x(i) = i**2 + 5*i - 2. Calculate x(u).
-6
Let n(c) = c**3 + 6*c**2 - 7*c + 7. Let d(g) = 5*g - 2. Let v be d(-1). Give n(v).
7
Let m(n) = 1 - n + 8*n**2 + 11*n**2 - 8*n**2. Let p = 4 - 3. What is m(p)?
11
Let w(n) be the third derivative of 0 + 1/6*n**4 + 2/3*n**3 + 0*n + 4*n**2. Suppose -g - 6 = g. Give w(g).
-8
Let i(j) = j**2 - 5*j - 2. Let a = 1 + 9. Suppose -3*q + a + 5 = 0. Give i(q).
-2
Let k(m) = m + 1. Suppose -6*a + 2*a = -2*r + 38, -22 = -r + 3*a. Let w = 5 - r. Let b(c) = 6*c + 6. Let p(g) = w*k(g) + b(g). Calculate p(-2).
2
Let o(x) = -x**3 - 8*x**2 + 2*x + 18. Let z be o(-8). Let p(j) = -3*j + 3. What is p(z)?
-3
Let u = 47 + -41. Let o(j) = -j**3 + 5*j**2 + 7*j - 9. Calculate o(u).
-3
Let u = 36 + -31. Let d(n) = -n**2 + 5*n + 4. Calculate d(u).
4
Let n be -5*(-9)/15 + -1. Let c be (2 - 0)*-1*-1. Let u(d) = -d + n + d - d**c. Determine u(0).
2
Let z(u) = -2*u**2 - 4*u. Suppose -4*r + 3*r = -2. Let o = 6 - r. Let w = 1 - o. Calculate z(w).
-6
Suppose -2*p - x - 2 = -20, 2*x = p + 1. Let j(l) = -l**2 + 6*l + 1. Calculate j(p).
-6
Let d(k) = -k - 9. Let p(r) = 1. Let i(u) = 3*d(u) + 24*p(u). Give i(-2).
3
Let w(n) = n**2 - 4. Let i be 62/8 + 5/20. Suppose 4*j - i*j = 0. Determine w(j).
-4
Let i(t) = -5*t - 23. Let c(k) = 2*k + 8. Let q(r) = -11*c(r) - 4*i(r). Suppose 10 = -b + 7. Give q(b).
10
Let h(u) = u**2 + 5. Let m(y) = -y**3 + 8*y**2 + 8*y + 9. Let i be m(9). Calculate h(i).
5
Let z(o) be the first derivative of 1/2*o**2 + 1/4*o**4 - o - 3 - 1/3*o**3. What is z(2)?
5
Suppose -4*y = -1 + 1. Let p(h) = h - 3. What is p(y)?
-3
Suppose 2*d - d - 2 = 0. Let p(g) = -g + 2. What is p(d)?
0
Let y(i) be the second derivative of -i**4/12 - 5*i**3/6 + 2*i**2 + 4*i. What is y(-6)?
-2
Le